 of 41675843.
11, 3788713
List the prime factors of 8843045.
5, 1768609
What are the prime factors of 3375129659?
11, 4483, 68443
List the prime factors of 18241576.
2, 23, 99139
List the prime factors of 16962648.
2, 3, 719, 983
What are the prime factors of 1797533576?
2, 224691697
List the prime factors of 157811661.
3, 7, 193, 12979
List the prime factors of 1166837388.
2, 3, 29, 3352981
List the prime factors of 851533345.
5, 13, 13100513
List the prime factors of 196486372.
2, 19, 2585347
List the prime factors of 248402495.
5, 11, 349, 12941
What are the prime factors of 50867808?
2, 3, 17, 71, 439
What are the prime factors of 58274995?
5, 19, 613421
What are the prime factors of 35991928?
2, 7, 19, 33827
What are the prime factors of 775998872?
2, 11, 83, 106243
What are the prime factors of 120249853?
167, 720059
List the prime factors of 40005867.
3, 11, 43, 233
What are the prime factors of 49855827?
3, 7, 283, 8389
What are the prime factors of 417329147?
43, 9705329
List the prime factors of 29010996.
2, 3, 7, 115123
What are the prime factors of 7664981355?
3, 5, 6397, 26627
What are the prime factors of 478229664?
2, 3, 11, 452869
What are the prime factors of 126236753?
126236753
What are the prime factors of 38534022?
2, 3, 251, 2843
List the prime factors of 405153162.
2, 3, 1087, 20707
List the prime factors of 177470677.
71, 659, 3793
List the prime factors of 1301043630.
2, 3, 5, 43368121
What are the prime factors of 285937582?
2, 7, 20424113
List the prime factors of 19601897.
7, 37, 75683
What are the prime factors of 69462239?
7, 11, 419, 2153
What are the prime factors of 4685283787?
12277, 381631
List the prime factors of 136659972.
2, 3, 107, 106433
What are the prime factors of 1464130410?
2, 3, 5, 48804347
List the prime factors of 508708549.
23, 653, 33871
List the prime factors of 141668241.
3, 11, 13, 330229
What are the prime factors of 121647805?
5, 23, 1057807
What are the prime factors of 89302094?
2, 7, 6378721
List the prime factors of 382344952.
2, 11, 4344829
What are the prime factors of 336927244?
2, 359, 234629
What are the prime factors of 81943448?
2, 59, 127, 1367
What are the prime factors of 2888169498?
2, 3, 31, 5175931
What are the prime factors of 469909678?
2, 7, 29, 1157413
What are the prime factors of 41274968?
2, 7, 737053
What are the prime factors of 1777033278?
2, 3, 9931, 9941
List the prime factors of 144242056.
2, 7, 29, 88819
List the prime factors of 381570134.
2, 11, 17, 31, 32911
List the prime factors of 111959013.
3, 919, 40609
List the prime factors of 170872430.
2, 5, 17087243
What are the prime factors of 1314514822?
2, 15671, 41941
List the prime factors of 46452706.
2, 59, 393667
What are the prime factors of 8367907046?
2, 79, 241, 219757
What are the prime factors of 73492339?
659, 111521
What are the prime factors of 90239650?
2, 5, 1804793
List the prime factors of 34257002.
2, 13, 73, 18049
List the prime factors of 1871874517.
103, 911, 19949
List the prime factors of 525918123.
3, 977, 19937
What are the prime factors of 2211439724?
2, 13, 42527687
What are the prime factors of 637471335?
3, 5, 23, 37, 49939
What are the prime factors of 2460421874?
2, 383, 3212039
List the prime factors of 48113936.
2, 13, 231317
What are the prime factors of 65032012?
2, 797, 20399
List the prime factors of 67518272.
2, 613, 1721
List the prime factors of 140366565.
3, 5, 3119257
List the prime factors of 367585414.
2, 7, 31, 43, 19697
List the prime factors of 1694966977.
11, 53, 2907319
What are the prime factors of 88602132?
2, 3, 7383511
What are the prime factors of 849575876?
2, 631, 336599
What are the prime factors of 362180157?
3, 120726719
What are the prime factors of 2586909902?
2, 22921, 56431
What are the prime factors of 359638004?
2, 11, 19, 71, 73, 83
List the prime factors of 126341244.
2, 3, 31, 113209
What are the prime factors of 2597976387?
3, 288664043
What are the prime factors of 744257603?
17, 839, 52181
List the prime factors of 39357122.
2, 7, 37, 75979
What are the prime factors of 45031151?
11, 353, 11597
List the prime factors of 543843968.
2, 137, 31013
What are the prime factors of 1342522166?
2, 2557, 262519
List the prime factors of 169218378.
2, 3, 7, 1343003
List the prime factors of 166756977.
3, 19, 975187
What are the prime factors of 1155800959?
1155800959
What are the prime factors of 21279328?
2, 7, 41, 331
List the prime factors of 50753871.
3, 7, 89513
What are the prime factors of 209730925?
5, 8389237
List the prime factors of 1248433.
19, 65707
List the prime factors of 17630043.
3, 19, 43, 7193
List the prime factors of 49144477.
49144477
What are the prime factors of 57063218?
2, 911, 31319
List the prime factors of 920247457.
23, 857, 46687
What are the prime factors of 243155373?
3, 81051791
List the prime factors of 1360287983.
53, 61, 127, 3313
List the prime factors of 3354827107.
17, 619, 318809
List the prime factors of 5253526588.
2, 1313381647
List the prime factors of 42412618.
2, 179, 118471
List the prime factors of 2608018794.
2, 3, 863, 167891
List the prime factors of 132256152.
2, 3, 7, 9719
What are the prime factors of 66914838?
2, 3, 823, 4517
List the prime factors of 206722150.
2, 5, 29, 142567
What are the prime factors of 46207529?
23, 509, 3947
List the prime factors of 2032093147.
7, 17, 17076413
List the prime factors of 48575247.
3, 7, 2313107
List the prime factors of 145417875.
3, 5, 387781
List the prime factors of 1056603299.
1056603299
What are the prime factors of 85319909?
85319909
What are the prime factors of 16305979?
16305979
List the prime factors of 26229909.
3, 83, 105341
What are the prime factors of 271086992?
2, 11, 491, 3137
List the prime factors of 169271715.
3, 5, 11284781
What are the prime factors of 142793853?
3, 1063, 44777
List the prime factors of 45454639.
45454639
List the prime factors of 467200971.
3, 51911219
What are the prime factors of 3041316990?
2, 3, 5, 307, 36691
List the prime factors of 759770790.
2, 3, 5, 25325693
What are the prime factors of 993826685?
5, 198765337
List the prime factors of 185861186.
2, 7, 439, 30241
What are the prime factors of 142358902?
2, 7, 2039, 4987
What are the prime factors of 753193618?
2, 211, 1097, 1627
List the prime factors of 892805466.
2, 3, 7, 21257273
What are the prime factors of 24752504?
2, 7, 442009
What are the prime factors of 1004308189?
293, 3427673
What are the prime factors of 495030656?
2, 23, 181, 929
List the prime factors of 1957215223.
157, 3181, 3919
List the prime factors of 59743080.
2, 3, 5, 263, 631
What are the prime factors of 32101629?
3, 7, 23, 66463
List the prime factors of 968326554.
2, 3, 13, 12414443
What are the prime factors of 4771217742?
2, 3, 795202957
What are the prime factors of 612628961?
7, 53, 1651291
List the prime factors of 20944315.
5, 7, 85487
List the prime factors of 16868986.
2, 43, 73, 2687
What are the prime factors of 164704801?
164704801
List the prime factors of 58618430.
2, 5, 13, 241, 1871
What are the prime factors of 178761944?
2, 761, 29363
What are the prime factors of 622988423?
9871, 63113
What are the prime factors of 68998163?
13, 29, 6311
List the prime factors of 129402400.
2, 5, 161753
What are the prime factors of 20349707?
7, 43, 67607
What are the prime factors of 38143523?
11, 3467593
What are the prime factors of 47818764?
2, 3, 7, 189757
List the prime factors of 403867244.
2, 11, 73, 125737
What are the prime factors of 2941040743?
2941040743
List the prime factors of 533626446.
2, 3, 3299, 26959
List the prime factors of 226335219.
3, 11, 5153
What are the prime factors of 61945083?
3, 6882787
What are the prime factors of 43501463?
31, 619, 2267
What are the prime factors of 86257733?
1091, 79063
What are the prime factors of 166943902?
2, 181, 461171
List the prime factors of 556947232.
2, 17404601
List the prime factors of 5962099636.
2, 37, 5449, 7393
What are the prime factors of 519649848?
2, 3, 19, 101, 3761
What are the prime factors of 808977701?
7, 16509749
List the prime factors of 574228049.
37, 71, 241, 907
List the prime factors of 76840752.
2, 3, 1019, 1571
List the prime factors of 10291882.
2, 19, 199, 1361
List the prime factor